ed by 51571?
77
What is the remainder when 18061909 is divided by 2068?
2065
Calculate the remainder when 39317028 is divided by 926.
920
What is the remainder when 1885988 is divided by 93?
41
What is the remainder when 156176 is divided by 1927?
89
Calculate the remainder when 267108 is divided by 133380.
348
Calculate the remainder when 298109 is divided by 465.
44
What is the remainder when 8838769 is divided by 1039?
1035
What is the remainder when 1142031 is divided by 570922?
187
What is the remainder when 948828 is divided by 237179?
112
What is the remainder when 608984 is divided by 7081?
18
Calculate the remainder when 19308519 is divided by 3854.
3833
What is the remainder when 45300238 is divided by 469?
466
What is the remainder when 1593631 is divided by 126?
109
Calculate the remainder when 5232 is divided by 1756.
1720
What is the remainder when 46170060 is divided by 314082?
6
What is the remainder when 13202802 is divided by 338531?
93
What is the remainder when 70524658 is divided by 1678?
1674
Calculate the remainder when 235231 is divided by 9775.
631
Calculate the remainder when 19103613 is divided by 795983.
21
What is the remainder when 48628227 is divided by 69?
63
What is the remainder when 104787363 is divided by 1082?
1073
Calculate the remainder when 5624252 is divided by 749.
11
Calculate the remainder when 23561 is divided by 831.
293
What is the remainder when 15301220 is divided by 39?
38
What is the remainder when 12627851 is divided by 867?
863
Calculate the remainder when 151070 is divided by 1315.
1160
What is the remainder when 103773054 is divided by 1322?
20
What is the remainder when 1428010 is divided by 475970?
100
What is the remainder when 212870 is divided by 15670?
9160
What is the remainder when 2238073 is divided by 211?
207
What is the remainder when 635099 is divided by 11547?
14
Calculate the remainder when 817411 is divided by 1862.
1855
What is the remainder when 841234 is divided by 4382?
4272
What is the remainder when 170489781 is divided by 444?
441
Calculate the remainder when 31739 is divided by 9936.
1931
Calculate the remainder when 81139776 is divided by 41.
38
What is the remainder when 996747 is divided by 996561?
186
Calculate the remainder when 976169 is divided by 3.
2
Calculate the remainder when 844718 is divided by 844707.
11
What is the remainder when 5974123 is divided by 24?
19
What is the remainder when 99013 is divided by 13929?
1510
What is the remainder when 2704527 is divided by 211?
140
Calculate the remainder when 7533870 is divided by 192.
174
What is the remainder when 100635 is divided by 7075?
1585
What is the remainder when 421480 is divided by 37768?
6032
Calculate the remainder when 2438 is divided by 89.
35
What is the remainder when 238062134 is divided by 4937?
4931
Calculate the remainder when 1713771 is divided by 22.
15
Calculate the remainder when 1199011 is divided by 4360.
11
What is the remainder when 1608370 is divided by 1144?
1050
Calculate the remainder when 461963 is divided by 335.
333
What is the remainder when 244576 is divided by 24403?
546
Calculate the remainder when 14020912 is divided by 2658.
2620
What is the remainder when 10460916 is divided by 387441?
9
What is the remainder when 2081225 is divided by 694?
613
Calculate the remainder when 361204 is divided by 166.
154
What is the remainder when 12146687 is divided by 320?
127
Calculate the remainder when 60362068 is divided by 85.
83
What is the remainder when 101039203 is divided by 83?
66
What is the remainder when 23534433 is divided by 70?
13
Calculate the remainder when 255795 is divided by 21316.
3
Calculate the remainder when 26775 is divided by 614.
373
What is the remainder when 470666237 is divided by 2201?
2196
What is the remainder when 18898245 is divided by 3947?
9
Calculate the remainder when 240039 is divided by 119548.
943
What is the remainder when 16135 is divided by 5313?
196
What is the remainder when 473656 is divided by 2033?
2000
What is the remainder when 1342195 is divided by 169?
166
What is the remainder when 131861654 is divided by 2567?
2565
What is the remainder when 90249 is divided by 88319?
1930
Calculate the remainder when 2359352 is divided by 10486.
2
Calculate the remainder when 7605113 is divided by 1398.
1391
What is the remainder when 108495 is divided by 4706?
257
Calculate the remainder when 147025 is divided by 48299.
2128
What is the remainder when 244709 is divided by 2705?
1259
Calculate the remainder when 900481 is divided by 13853.
36
What is the remainder when 6589451 is divided by 199656?
803
What is the remainder when 98080 is divided by 49026?
28
Calculate the remainder when 1486104 is divided by 6244.
32
Calculate the remainder when 36847944 is divided by 23351.
66
Calculate the remainder when 436941162 is divided by 22.
20
What is the remainder when 71261587 is divided by 35630782?
23
Calculate the remainder when 113761100 is divided by 14.
12
What is the remainder when 88988 is divided by 17510?
1438
What is the remainder when 434727 is divided by 49?
48
What is the remainder when 2742342 is divided by 85698?
6
What is the remainder when 318670 is divided by 4084?
118
What is the remainder when 15835 is divided by 56?
43
Calculate the remainder when 17527 is divided by 354.
181
What is the remainder when 609454 is divided by 87035?
209
Calculate the remainder when 102613352 is divided by 3432.
3416
Calculate the remainder when 10434710 is divided by 242.
154
What is the remainder when 170220318 is divided by 611?
606
Calculate the remainder when 4731500 is divided by 6185.
6160
What is the remainder when 7733849 is divided by 37004?
13
Calculate the remainder when 40859 is divided by 3138.
65
Calculate the remainder when 114820 is divided by 1523.
595
What is the remainder when 6677080 is divided by 24548?
24
Calculate the remainder when 183207029 is divided by 1229.
1228
What is the remainder when 642149 is divided by 642132?
17
What is the remainder when 1443672 is divided by 4014?
2646
Calculate the remainder when 12351383 is divided by 51.
50
What is the remainder when 617318 is divided by 3408?
470
Calculate the remainder when 3876738 is divided by 1292240.
18
What is the remainder when 3163386 is divided by 338?
44
What is the remainder when 2943060 is divided by 1069?
103
What is the remainder when 310141 is divided by 3265?
3231
Calculate the remainder when 287248 is divided by 287110.
138
Calculate the remainder when 294538 is divided by 73575.
238
Calculate the remainder when 617004 is divided by 227.
18
Calculate the remainder when 439978 is divided by 881.
359
Calculate the remainder when 1993 is divided by 1895.
98
Calculate the remainder when 668857 is divided by 5940.
3577
What is the remainder when 6102319 is divided by 1525514?
263
What is the remainder when 28738706 is divided by 63?
59
What is the remainder when 24034 is divided by 511?
17
What is the remainder when 2252732 is divided by 1125767?
1198
Calculate the remainder when 3607220 is divided by 901803.
8
What is the remainder when 9361858 is divided by 1872371?
3
What is the remainder when 1290667 is divided by 19549?
433
Calculate the remainder when 396039 is divided by 342.
3
What is the remainder when 3613229 is divided by 1766?
1759
Calculate the remainder when 11007 is divided by 599.
225
What is the remainder when 9564143 is divided by 3203?
3188
Calculate the remainder when 1324298 is divided by 38.
36
What is the remainder when 98303059 is divided by 3146?
3143
What is the remainder when 548735 is divided by 2564?
39
Calculate the remainder when 972999890 is divided by 4943.
4941
Calculate the remainder when 115147 is divided by 538.
15
What is the remainder when 51938 is divided by 25953?
32
What is the remainder when 108417 is divided by 54140?
137
What is the remainder when 3190023 is divided by 87?
81
What is the remainder when 2837680 is divided by 19?
11
What is the remainder when 29246884 is divided by 501?
7
Calculate the remainder when 31054 is divided by 14857.
1340
Calculate the remainder when 601751 is divided by 36.
11
What is the remainder when 87154 is divided by 2561?
80
Calculate the remainder when 41654 is divided by 3